{"id":30,"date":"2025-11-10T19:20:08","date_gmt":"2025-11-10T18:20:08","guid":{"rendered":"https:\/\/piabajonalon.com\/v10\/?page_id=30"},"modified":"2025-11-20T15:57:43","modified_gmt":"2025-11-20T14:57:43","slug":"participa","status":"publish","type":"page","link":"https:\/\/piabajonalon.com\/v10\/participa\/","title":{"rendered":"Participa"},"content":{"rendered":"\n<p><em>\u00a1Tu opini\u00f3n y tus ideas son importantes! Si eres ni\u00f1o, ni\u00f1a, adolescente o familia, aqu\u00ed tienes un espacio para expresarte. Participa en nuestras encuestas, env\u00eda tus propuestas, s\u00famate a los Grupos de Participaci\u00f3n Infantil y Adolescente y ayuda a dise\u00f1ar las actividades y proyectos. <\/em><\/p>\n\n\n\n<p><em>Porque tu voz cuenta, y queremos construir este Plan contigo.<\/em><\/p>\n\n\n\n<p>Si quieres colaborar, contacta con nosotros utilizando el siguiente formulario:<\/p>\n\n\n\n<div class=\"wp-block-contact-form-7-contact-form-selector\">\n<div class=\"wpcf7 no-js\" id=\"wpcf7-f487-o1\" lang=\"es-ES\" dir=\"ltr\" data-wpcf7-id=\"487\">\n<div class=\"screen-reader-response\"><p role=\"status\" aria-live=\"polite\" aria-atomic=\"true\"><\/p> <ul><\/ul><\/div>\n<form action=\"\/v10\/wp-json\/wp\/v2\/pages\/30#wpcf7-f487-o1\" method=\"post\" class=\"wpcf7-form init\" aria-label=\"Formulario de contacto\" novalidate=\"novalidate\" data-status=\"init\">\n<fieldset class=\"hidden-fields-container\"><input type=\"hidden\" name=\"_wpcf7\" value=\"487\" \/><input type=\"hidden\" name=\"_wpcf7_version\" value=\"6.1.5\" \/><input type=\"hidden\" name=\"_wpcf7_locale\" value=\"es_ES\" \/><input type=\"hidden\" name=\"_wpcf7_unit_tag\" value=\"wpcf7-f487-o1\" \/><input type=\"hidden\" name=\"_wpcf7_container_post\" value=\"0\" \/><input type=\"hidden\" name=\"_wpcf7_posted_data_hash\" value=\"\" \/>\n<\/fieldset>\n<p><label> Tu nombre<br \/>\n<span class=\"wpcf7-form-control-wrap\" data-name=\"your-name\"><input size=\"40\" maxlength=\"400\" class=\"wpcf7-form-control wpcf7-text wpcf7-validates-as-required\" autocomplete=\"name\" aria-required=\"true\" aria-invalid=\"false\" value=\"\" type=\"text\" name=\"your-name\" \/><\/span> <\/label>\n<\/p>\n<p><label> Tu correo electr\u00f3nico<br \/>\n<span class=\"wpcf7-form-control-wrap\" data-name=\"your-email\"><input size=\"40\" maxlength=\"400\" class=\"wpcf7-form-control wpcf7-email wpcf7-validates-as-required wpcf7-text wpcf7-validates-as-email\" autocomplete=\"email\" aria-required=\"true\" aria-invalid=\"false\" value=\"\" type=\"email\" name=\"your-email\" \/><\/span> <\/label>\n<\/p>\n<p><label> Asunto<br \/>\n<span class=\"wpcf7-form-control-wrap\" data-name=\"your-subject\"><input size=\"40\" maxlength=\"400\" class=\"wpcf7-form-control wpcf7-text wpcf7-validates-as-required\" aria-required=\"true\" aria-invalid=\"false\" value=\"\" type=\"text\" name=\"your-subject\" \/><\/span> <\/label>\n<\/p>\n<p><label> Tu mensaje (opcional)<br \/>\n<span class=\"wpcf7-form-control-wrap\" data-name=\"your-message\"><textarea cols=\"40\" rows=\"10\" maxlength=\"2000\" class=\"wpcf7-form-control wpcf7-textarea\" aria-invalid=\"false\" name=\"your-message\"><\/textarea><\/span> <\/label>\n<\/p>\n<p><input class=\"wpcf7-form-control wpcf7-submit has-spinner\" type=\"submit\" value=\"Enviar\" \/>\n<\/p><p style=\"display: none !important;\" class=\"akismet-fields-container\" data-prefix=\"_wpcf7_ak_\"><label>&#916;<textarea name=\"_wpcf7_ak_hp_textarea\" cols=\"45\" rows=\"8\" maxlength=\"100\"><\/textarea><\/label><input type=\"hidden\" id=\"ak_js_1\" name=\"_wpcf7_ak_js\" value=\"171\"\/><script>document.getElementById( \"ak_js_1\" ).setAttribute( \"value\", ( new Date() ).getTime() );<\/script><\/p><div class=\"wpcf7-response-output\" aria-hidden=\"true\"><\/div>\n<\/form>\n<\/div>\n<\/div>\n\n\n\n<p><sub><sup>Seg\u00fan establece la vigente normativa de protecci\u00f3n de datos se le informa que los datos recabados a trav\u00e9s del presente formulario, seran tratados por la Mancomunidad Cinco Villas como responsable del tratamiento, con la finalidad de tramitar y gestionar la solicitud de informaci\u00f3n. La licitud del tratamiento esta basada en el art\u00edculo 6.1. e) del RGPD: el tratamiento es necesario para el cumplimiento de una misi\u00f3n realizada en inter\u00e9s p\u00fablico o en el ejercicio de poderes p\u00fablicos conferidos al responsable del tratamiento: Ley 7\/1985, de 2 de abril, Reguladora de las Bases del R\u00e9gimen Local. No est\u00e1n previstas comunicaciones de datos a terceros salvo obligaci\u00f3n legal, ni est\u00e1n previstas transferencia a terceros pa\u00edses u organizaciones internacionales. Los datos ser\u00e1n conservados durante el tiempo necesario para cumplir con la finalidad para la que se recabaron y para determinar las posibles responsabilidades que se pudieran derivar de dicha finalidad y del tratamiento de los datos. Una vez concluido el citado plazo, la conservaci\u00f3n se atendr\u00e1 a los plazos establecidos en los calendarios de conservaci\u00f3n dictaminados por la normativa de Archivo de la Mancomunidad. Podr\u00e1 ejercitar los derechos de acceso, rectificaci\u00f3n, supresi\u00f3n, as\u00ed como otros derechos, ante la Mancomunidad Cinco Villas &#8211; Plaza Marquesa Casa Valdes, N\u00b0 1, 33120 &#8211; Pravia (Asturias), indicando en el asunto: Ref. Protecci\u00f3n de Datos o a trav\u00e9s de la Sede Electr\u00f3nica. https:\/\/bajonalon.sede.e-ayuntamiento.es. As\u00ed mismo, podr\u00e1 ponerse en contacto con el Delegado de Protecci\u00f3n de Datos<\/sup><\/sub><\/p>\n","protected":false},"excerpt":{"rendered":"<p>\u00a1Tu opini\u00f3n y tus ideas son importantes! Si eres ni\u00f1o, ni\u00f1a, adolescente o familia, aqu\u00ed tienes un espacio para expresarte. Participa en nuestras encuestas, env\u00eda tus propuestas, s\u00famate a los Grupos de Participaci\u00f3n Infantil y Adolescente y ayuda a dise\u00f1ar las actividades y proyectos. Porque tu voz cuenta, y queremos construir este Plan contigo. Si<\/p>\n","protected":false},"author":4,"featured_media":0,"parent":0,"menu_order":0,"comment_status":"closed","ping_status":"closed","template":"","meta":{"footnotes":""},"class_list":["post-30","page","type-page","status-publish","hentry"],"_links":{"self":[{"href":"https:\/\/piabajonalon.com\/v10\/wp-json\/wp\/v2\/pages\/30","targetHints":{"allow":["GET"]}}],"collection":[{"href":"https:\/\/piabajonalon.com\/v10\/wp-json\/wp\/v2\/pages"}],"about":[{"href":"https:\/\/piabajonalon.com\/v10\/wp-json\/wp\/v2\/types\/page"}],"author":[{"embeddable":true,"href":"https:\/\/piabajonalon.com\/v10\/wp-json\/wp\/v2\/users\/4"}],"replies":[{"embeddable":true,"href":"https:\/\/piabajonalon.com\/v10\/wp-json\/wp\/v2\/comments?post=30"}],"version-history":[{"count":4,"href":"https:\/\/piabajonalon.com\/v10\/wp-json\/wp\/v2\/pages\/30\/revisions"}],"predecessor-version":[{"id":491,"href":"https:\/\/piabajonalon.com\/v10\/wp-json\/wp\/v2\/pages\/30\/revisions\/491"}],"wp:attachment":[{"href":"https:\/\/piabajonalon.com\/v10\/wp-json\/wp\/v2\/media?parent=30"}],"curies":[{"name":"wp","href":"https:\/\/api.w.org\/{rel}","templated":true}]}}